 = -4*b - 3*m + 111. Calculate the highest common factor of 36 and b.
12
Suppose -h - 2*b - 17 = 0, -2*b + b = -4*h - 32. Let a = 18 + h. Suppose -3*p + 2*r = 1, 4*p + 2*r = 17 + 5. Calculate the highest common factor of p and a.
3
Let f = -55 + 80. Calculate the highest common factor of f and 200.
25
Let a be (-3 - -2)/(-1) + 2. Suppose -2*c - o = -66, -c = a*c + o - 128. Let s = c - 7. What is the highest common factor of 12 and s?
12
Let v(d) = -2*d + 30. Let n be v(-20). Calculate the highest common divisor of n and 28.
14
Let v(r) = r**2 + 4*r + 9. Let n be v(0). What is the highest common divisor of 6 and n?
3
Let g be 5/5*20/(-2). Let o be ((-64)/(-10))/(g/(-200)). What is the highest common divisor of o and 16?
16
Let n be (-1 - (-1)/2)*2. Let m be (-4)/(-12)*(1 + 2). Let c be m - (-12)/n*-4. Calculate the highest common factor of 7 and c.
7
Let k be 0 + (-2)/(-3)*3. Let l = -100 + k. Let d = -21 - l. Calculate the highest common divisor of d and 7.
7
Suppose 71 + 23 = 2*q + 5*b, -q = -3*b - 69. Suppose 5*i - 8 = q. What is the highest common factor of 91 and i?
13
Suppose 1740 - 264 = 4*s. What is the highest common factor of 41 and s?
41
Suppose -5*f = -254 - 66. Calculate the greatest common factor of 96 and f.
32
Let p be 4 + (-3 - -12) - -2. Let r = -11 + p. Calculate the highest common divisor of r and 1.
1
Let h be 52/(-1) - (-4 + 4). Let z be h/8 - 2/4. Let v = -4 - z. Calculate the greatest common divisor of v and 3.
3
Let k be ((-4)/(-6) - 11/(-33))*135. Let n = 4 + 11. What is the highest common factor of n and k?
15
Suppose 3*q - 14 = -4*z + 2*q, -q = -3*z + 14. Suppose z*f + 6 + 18 = 0. Let a be ((-9)/f)/((-3)/(-20)). What is the greatest common factor of 5 and a?
5
Suppose 2*v + 2*v = 8. Suppose -o - v*y = -50, 3*y = o - 0*y - 45. Calculate the highest common factor of o and 12.
12
Let r = 17 + -13. Suppose 7*f + 9 = 4*f, -r*f = 3*d - 57. What is the greatest common divisor of d and 23?
23
Let i(t) = t**2 - 9*t + 85. Let r be i(8). Calculate the highest common divisor of 7 and r.
7
Let m(l) = -25*l - 7. Let a be m(5). Let b be (10/(-3))/(8/a). Let t be 202/18 - 8/36. Calculate the greatest common divisor of b and t.
11
Let f(t) = -3*t**3 + 2*t**2 - 1. Let o be f(-1). Suppose -o*d + 5*b = -0*d - 63, -3*d + 51 = -5*b. Calculate the highest common divisor of 6 and d.
6
Let a be (-3 - (-140)/15) + 1/(-3). What is the greatest common divisor of 12 and a?
6
Suppose 2 = 2*b - 6. Let s = 14 - 10. Let u = -2 + s. What is the highest common factor of u and b?
2
Suppose 6 = 2*j - 14. Let o(c) = c**3 - 3*c + 3. Let g be o(2). Calculate the greatest common factor of j and g.
5
Let z be (-39)/((12/(-16))/1). Calculate the greatest common factor of z and 13.
13
Suppose -5*c = -4*p - 34 + 698, -3*c + 149 = p. Suppose -2*g - 4*w - 49 = -g, -w = -5*g - p. Let o = g + 78. What is the greatest common divisor of 5 and o?
5
Let q(m) be the second derivative of m**4/12 + 2*m**3/3 + 2*m**2 + m. Let k be q(-6). What is the greatest common factor of k and 112?
16
Suppose -v + 4*x + 43 = 0, -4*v + 92 = -0*v + 4*x. Let d = v + 18. What is the highest common factor of 18 and d?
9
Suppose -f - 1 = -4. Let q be 23 + f/(3/1). Suppose 3*p + 0*p - 9 = 0. Calculate the greatest common divisor of p and q.
3
Let s(u) = -2*u**3 - 2*u**2 - 2. Let b be s(-2). Suppose l - g - 6 = 0, 4*g + 18 = 2. What is the highest common divisor of l and b?
2
Let o be -4 - (-5 - -15)*1/(-2). What is the highest common divisor of 8 and o?
1
Suppose 3*l - 25 = 17. What is the highest common factor of 14 and l?
14
Let u(z) be the second derivative of z**5/20 - 13*z**4/12 + 5*z**3/2 + 2*z. Let w be u(12). Calculate the greatest common divisor of 18 and w.
18
Suppose 4*v - 15 = 1. Let h be (6 - (v + 0)) + 40. What is the greatest common factor of 28 and h?
14
Let i be 6/21 - (-19)/7. Let m be 64/i*9/2. Let v be 17/(-17)*(-24)/2. Calculate the highest common divisor of m and v.
12
Let y(n) be the first derivative of n**2/2 + 7*n - 1. Let q be y(0). Suppose 0 = 2*d + 1 + 9, 18 = -b - 5*d. Calculate the greatest common factor of q and b.
7
Let v be (7/(-3))/(-1)*18. Let y = 24 - -4. What is the highest common divisor of v and y?
14
Let q = 35 - 61. Let c be (q/(-4))/(2/28). Suppose 2*g = -3*f + 29, 5*f = 4*g - 27 - 20. Calculate the highest common divisor of g and c.
13
Let c(u) be the second derivative of -7*u**3/6 + 7*u**2/2 - 4*u. Let w be c(-9). Calculate the highest common divisor of w and 14.
14
Let v = -3 + 6. Suppose -118 = -v*y - 4. Let l be y/9 + 10/(-45). Calculate the greatest common divisor of l and 44.
4
Let z = 390 + -268. Suppose -82 = -3*f + 4*p, -36 = 3*f - 5*p - z. What is the greatest common divisor of f and 11?
11
Let m(z) be the first derivative of 6*z**2 + 2*z + 2. Let r be m(2). Calculate the greatest common factor of r and 65.
13
Let d be (14 - 15)/((-1)/10). Calculate the greatest common divisor of 80 and d.
10
Let u be (-1 - 369) + (-2 - 1). Let l = u - -526. Calculate the highest common factor of l and 17.
17
Let r(f) = 8*f. Let z be r(5). Let l = -17 + 2. Let o be -1*(-3)/(-9)*l. Calculate the greatest common divisor of z and o.
5
Suppose 0 = -5*i + 3*l - 40, -5*i - 4*l - 40 = -0*i. Let k be 2/2 - (i - -8). What is the greatest common divisor of k and 5?
1
Suppose -15 = -n - 4*n, 0 = -2*f - 4*n + 152. What is the greatest common factor of f and 10?
10
Suppose 4*a - 19 - 37 = 0. Let n be 7*3*(0 - -1). Calculate the greatest common factor of a and n.
7
Let n be (-21)/((-3)/(-4)*-2). Calculate the greatest common divisor of 112 and n.
14
Let n(j) = -j**2 + 20*j - 4. Let b be n(14). What is the highest common divisor of 10 and b?
10
Let w = -13 - -12. Let u = w + 14. Calculate the highest common divisor of 117 and u.
13
Suppose 4*x - 5*y - 2 - 13 = 0, 0 = 4*x + 5*y - 25. Suppose 5*d + 97 = -0*w + 2*w, -x*w + 160 = 4*d. Calculate the greatest common factor of 54 and w.
18
Let a(f) = -5*f + 49. Let s be a(-21). What is the highest common divisor of s and 44?
22
Let g = -72 + 85. Calculate the greatest common factor of 104 and g.
13
Suppose 2*j - 2 = -0. Calculate the greatest common divisor of j and 1.
1
Suppose 2*v + 0*v = 18. Suppose 2*o + 1 - v = 0. Calculate the highest common divisor of o and 40.
4
Let k(d) = -d**3 - 3*d**2 + 2*d + 11. Let u be k(-5). Calculate the greatest common divisor of 51 and u.
51
Let o be -35*(126/15)/(-2). Suppose -5 = q - o. Let c = -40 + q. What is the highest common factor of 17 and c?
17
Let b(m) = m**2 + 12. Let h be b(-6). Calculate the greatest common divisor of 24 and h.
24
Let c = -9 - -15. Let v = 5 + -3. Calculate the greatest common divisor of v and c.
2
Suppose -19 = 5*m - 99. Suppose -w - 2 = -0*w, 4*w + 28 = -5*f. Let h(a) = 4*a**2. Let j be h(f). What is the greatest common factor of m and j?
16
Let b = -3 - -3. Suppose b = -4*g + 11 + 37. Calculate the greatest common factor of g and 6.
6
Let t be (8/(-6))/(2/(-192)). Let p = -301 - -333. What is the highest common divisor of p and t?
32
Let u be 3 + (-3)/(-6)*4. Let i(a) = -4*a - 2 + 5*a**2 + 2 - 3 - 3*a**2. Let d be i(-4). Calculate the greatest common factor of u and d.
5
Suppose -u + 6*u - 60 = 0. Let p(i) = -2*i + 10. Let n be p(7). Let j be n/10 + (-844)/(-10). Calculate the greatest common divisor of j and u.
12
Let d = 0 + 0. Suppose 1 = -l - d. Let n be -1 + (10 - 2*l). What is the greatest common divisor of 121 and n?
11
Let k = 8 - 3. Suppose u - k*s - 2 = -3*s, -3*u + s + 16 = 0. Calculate the greatest common divisor of u and 42.
6
Suppose -p - 5*o + 27 = -38, -2*o - 238 = -4*p. Let t = -8 - -32. What is the greatest common factor of t and p?
12
Suppose -4*m + 22 = 2*x, -5*x - 2 = -4*m - 1. Calculate the greatest common divisor of 24 and x.
3
Let a be 858/8 - 12/(-16). What is the greatest common factor of a and 27?
27
Suppose 5*u - 295 = -3*h - 31, 4*u - 195 = 3*h. What is the greatest common factor of 34 and u?
17
Suppose 3*p = 6*p + 54. Let m be (-10)/3*p/6. What is the greatest common factor of 25 and m?
5
Suppose -4*n - 2 = 2. Let a be (-6)/12*n*2. Calculate the highest common divisor of a and 1.
1
Suppose 7 = c - 2*a, -3*c - 4*a + 21 = a. Calculate the greatest common factor of 1 and c.
1
Let u be -2*(-2 + 9/6). Let t be 1*(u + 16 + 0). What 